 by n(-17).
24
Let g = 941 - 922. Calculate the remainder when 130 is divided by g.
16
Suppose 0 = 2*j + 29 - 39. Suppose j*f - 9*f = -2*f. Suppose 3*k = -r + 71, -3*k + 5*r = -f*r - 59. Calculate the remainder when 68 is divided by k.
22
Suppose 27*y + 418 = 38*y. Let g(m) = -m**2 + 5*m + 1. Let p be g(4). Suppose p*r = r + 600. Calculate the remainder when r is divided by y.
36
Let s(r) = 56*r**2 - 9*r - 37. Calculate the remainder when 5737 is divided by s(-2).
202
Let y be (-1)/4 - (-10365)/(-60). Let d = 194 + y. Calculate the remainder when 39 is divided by d.
18
Let m(r) = -r**2 - 33*r + 10. Let d be m(-33). Suppose -570 = -d*o + 460. Calculate the remainder when o is divided by 38.
27
Let b(q) = 6*q - 2. Suppose -97*m - 28*m + 16625 = 0. What is the remainder when m is divided by b(6)?
31
Suppose -42*x = -73*x + 4030. Suppose -3*a + 399 = 4*z, 2*z + 5*a + 219 = 4*z. Suppose -12 - z = -6*m. Calculate the remainder when x is divided by m.
16
Calculate the remainder when 263 is divided by 2660/105 - 1/3.
13
Let m(u) = u**3 - 83*u**2 + 465*u - 176. Calculate the remainder when 517 is divided by m(77).
22
Suppose 2*a + 2 = m, a = -2*a + 3. Suppose 0 = m*j + 8*j - 192. Calculate the remainder when j is divided by 10.
6
Suppose 208*h - 3810 = 13*h + 90. What is the remainder when 9639 is divided by h?
19
Suppose 8*j + 41 = 185. Let s(t) = t**3 + 7*t**2 - 8*t + 5. Calculate the remainder when s(-6) is divided by j.
17
Let r(p) = -p**3 - 2*p**2 + 5*p + 6. Let x(d) = 12*d**3 + 7*d**2 - 4*d - 40. What is the remainder when x(4) is divided by r(-4)?
14
Suppose -22*h + 2*x - 105 = -27*h, 0 = -h - 2*x + 13. What is the remainder when 225 is divided by h?
18
Let k(f) = -24*f - 1. Suppose -5*s - 11 = q, -2*s + 3*q + 2 = 3. Let d be k(s). Suppose 4*u - 17 = d. What is the remainder when 77 is divided by u?
13
Let q = -114 - -156. Let f be (6/4)/(q/308). Suppose -14*u = -f*u - 57. Calculate the remainder when u is divided by 4.
3
Let f(n) = -n**3 + 8*n**2 + 3*n + 8. Let c = 30 - 22. Suppose -156*l = -152*l - 44. What is the remainder when f(c) is divided by l?
10
Let f(z) = z + 2. Let y be f(-1). Let c(t) = 28*t**2 + 2*t - 1. Let h(n) = -n**3 + 4*n**2 + 6*n - 9. Calculate the remainder when c(y) is divided by h(4).
14
What is the remainder when (-7795)/(-7) - ((-250)/(-300) + 11/(-42)) is divided by 98?
35
Let s be 2 + 3 + -5 + (1 - 0). Let y(z) = 80*z - 2. Suppose 0 = -6*f + 1 + 95. What is the remainder when y(s) is divided by f?
14
Suppose -3*r - n - 549 = 0, -4 = 4*n + 8. Let g be (-56)/(-308) - 2974/22. Let d = g - r. Calculate the remainder when d is divided by 12.
11
Suppose -4*v = 53 - 85. Suppose -50*h + 240 = -53*h. Let a = -49 - h. Calculate the remainder when a is divided by v.
7
Suppose 2074*w - 2075*w + 4*j = -63, -4*w + 3*j + 174 = 0. What is the remainder when 2037 is divided by w?
9
What is the remainder when 2576 is divided by (-2769)/(-142) + 3/6?
16
What is the remainder when 225 is divided by (-1884)/(-6)*3/66*11?
68
Suppose -3*s = s - 16. Suppose -69*c = -418 - 410. What is the remainder when (31/s)/((-5)/(-20)) is divided by c?
7
Let j(r) = 2*r**2 + 5*r + 7. Let w be j(4). Let v = w - 57. Suppose 3*d = -2*a + v, -3*d = -0*a + a + 5. Calculate the remainder when 22 is divided by a.
1
Suppose 5321*x = 5310*x + 49 + 83. Calculate the remainder when 1211 is divided by x.
11
What is the remainder when 2097 is divided by (81 - 78)/((-3)/(-84) - 0)?
81
Suppose 17*g - 24*g - 1260 = 0. Let d = 192 + g. Calculate the remainder when 34*(-2)/(-4) + 2 is divided by d.
7
Let g = -11 - -16. Calculate the remainder when (-1)/g + 3090/75 is divided by 23.
18
Let n = 8 + 26. Let i(w) = -2 + 11 - w**2 + 2*w**2 + 18*w. Calculate the remainder when n is divided by i(-18).
7
What is the remainder when 1245 is divided by (12 - -1) + 86 + -47?
49
Suppose -251 + 15 = -c + p, 4*c - 992 = -12*p. Calculate the remainder when c is divided by 235.
4
Suppose 0 = 3*k + 8*k + 858. What is the remainder when 35 is divided by ((-104)/k)/(2*2/42)?
7
Suppose 18800 + 13888 = 36*u. What is the remainder when u is divided by 227?
0
Suppose -113*f = -109*f - 8804. Calculate the remainder when f is divided by 58.
55
Let b = -1399 + 1424. Let o be (-26)/(-3) - (-10)/(-15). Suppose -4*z = -16, -3*z = -4*p - o*z + 208. What is the remainder when p is divided by b?
22
Let t = 79 - -101. Let z = -37 - -80. Calculate the remainder when 22900/t + (-2)/9 is divided by z.
41
Let x(g) = -1880*g + 1897. Calculate the remainder when 2477 is divided by x(1).
12
Let j(s) = 16*s**2 + 13 + 66 - 15*s**2 - 15*s. What is the remainder when 222 is divided by j(6)?
22
Suppose -i + 37 = 3*s + 5, -i = -5. Suppose 3*l = -2*l + 25. What is the remainder when s is divided by l?
4
Let u(d) = -d**3 + 2*d**2 - 7*d + 3. Let h be u(2). Let z = 21 - h. Calculate the remainder when z is divided by 17.
15
Suppose 8208 = 8*r + 4*r. Let q = -279 + 328. What is the remainder when r is divided by q?
47
Let o be 85 + (-3 - (-3 - -3 - -1)). Let f = 137 - 192. Let l = o + f. What is the remainder when l is divided by 15?
11
Let a(q) = -q + 3. Suppose -w + 30 = -5*l, -6*w = -4*w. Let m = l - 3. What is the remainder when 45 is divided by a(m)?
9
Let t(h) = 2*h**3 - 44*h**2 + 83*h - 31. Suppose 2*u + 2*q + 24 = 4*u, 4*q + 3 = u. Calculate the remainder when t(20) is divided by u.
14
Let b(k) = -26*k + 1080. Calculate the remainder when b(24) is divided by 46.
42
Let k(u) = -3*u - 42. Let f be k(-18). Suppose 17*b - 570 = f*b. What is the remainder when b is divided by 33?
15
Let r(h) be the second derivative of h**4/12 + h**3/3 - 5*h**2 + 75*h. What is the remainder when r(12) is divided by 40?
38
Suppose 0 = 71*k - 66*k - 1600. Calculate the remainder when k is divided by 106.
2
Let p(u) = -10*u + 1. What is the remainder when p(-3) is divided by 36/(-234)*(-39)/(-36)*-42?
3
Suppose 7*d = 2*d + 7280. Suppose 11*y - d = 3*y. What is the remainder when y is divided by 23?
21
Let j(n) = -140*n - 756. Calculate the remainder when 504 is divided by j(-6).
0
Let h(s) be the second derivative of -s**4/12 + 23*s**3/6 - 99*s**2/2 + 51*s. Calculate the remainder when 37 is divided by h(7).
11
Let z(y) = 3*y**2 + 16*y - 26. Let r be z(7). Let v = 260 - r. Calculate the remainder when 511 is divided by v.
25
Let h = 6 - 7. Let w = h - -8. What is the remainder when w is divided by 1/(((16/4)/(-20))/(-1))?
2
Let q = 12300 + -12243. Calculate the remainder when 865 is divided by q.
10
Let g be 0 - -2 - (-71 - -1). Suppose w - 3*w + g = -4*f, 95 = -5*f + 5*w. What is the remainder when f/(-51) - (-34)/6 is divided by 3?
0
Suppose -429 = -3*s + 5*d, 2*d = 2*s + 161 - 447. Let t = s - 41. Suppose 0 = -2*c + 3*c - 21. Calculate the remainder when t is divided by c.
18
Let x(f) = -f**2 - 17*f + 37. Let b be x(-19). Let o(j) = 7*j + 11. What is the remainder when (3 - -3)*(3 + b - -3) is divided by o(0)?
8
Let h = 7122 + -7042. What is the remainder when 597 is divided by h?
37
Let g = 79 + -22. Suppose -95*o + 5*h = -99*o + 730, 4*o - h - 670 = 0. What is the remainder when o is divided by g?
56
Suppose 38 = -2*o + 32, 21 = m - 5*o. What is the remainder when 963 is divided by m?
3
Suppose -20 = 4*g + g, 2*b - 2*g - 34 = 0. What is the remainder when (-5 - (-23)/5)*-160 is divided by b?
12
Let q(b) = -12*b**2 - 413*b - 56. Calculate the remainder when q(-32) is divided by 851.
21
Let w = 1641 - 1630. Suppose 2*c - 4 = 2*m, -4*c - 10 = 3*m - 4. Suppose c = -d - 0*d + 4*z + w, 5*d = -z + 13. What is the remainder when 13 is divided by d?
1
Suppose -25 = -2*i - 23. Suppose 4*g + 17 = 2*w + i, -w + 3*g + 9 = 0. What is the remainder when (-2)/13 + w + 318/39 is divided by 9?
5
Suppose 6*g + 2*z - 47849 = -7769, -5*g + 33400 = -5*z. What is the remainder when g is divided by 257?
255
Let o = 24532 - 23793. What is the remainder when o is divided by 18?
1
Let d be 31/((-31)/(-30)) - 5. Suppose 2*u - 102 = -27*v + d*v, 0 = -4*u - v + 189. Calculate the remainder when 275 is divided by u.
45
Let y be ((-5)/(-2))/5 + (-8)/16. Suppose 88 = -y*l + 4*l. Calculate the remainder when 98 is divided by l.
10
Suppose 5*l = -5*k + 490, l + 294 = -236*k + 239*k. What is the remainder when k is divided by 30?
8
Let d = 6902 + -6884. Let y = -13 +